{"id":10189,"date":"2026-02-20T15:28:53","date_gmt":"2026-02-20T20:28:53","guid":{"rendered":"https:\/\/www.reducolsas.com\/site1\/?page_id=10189"},"modified":"2026-02-20T15:58:36","modified_gmt":"2026-02-20T20:58:36","slug":"sobre-reducol","status":"publish","type":"page","link":"https:\/\/www.reducolsas.com\/site1\/sobre-reducol\/","title":{"rendered":"Sobre Reducol"},"content":{"rendered":"<p>[et_pb_section fb_built=\u00bb1&#8243; module_id=\u00bbacercadereducol\u00bb _builder_version=\u00bb4.27.5&#8243; custom_margin=\u00bb0px|0px|0px|0px|false|false\u00bb custom_padding=\u00bb0px|0px|0px|0px\u00bb global_colors_info=\u00bb{}\u00bb][et_pb_row column_structure=\u00bb1_2,1_2&#8243; use_custom_gutter=\u00bbon\u00bb gutter_width=\u00bb1&#8243; make_equal=\u00bbon\u00bb admin_label=\u00bbFeature Area\u00bb module_class=\u00bb et_pb_row_fullwidth\u00bb _builder_version=\u00bb4.27.5&#8243; parallax=\u00bbon\u00bb width=\u00bb100%\u00bb width_tablet=\u00bb100%\u00bb width_phone=\u00bb\u00bb width_last_edited=\u00bbon|desktop\u00bb max_width=\u00bb100%\u00bb max_width_tablet=\u00bb100%\u00bb max_width_phone=\u00bb\u00bb max_width_last_edited=\u00bbon|desktop\u00bb min_height=\u00bb995px\u00bb custom_margin=\u00bb0px|0px|14px|0px|false|false\u00bb custom_padding=\u00bb0px|0px|0px|0px|false|false\u00bb make_fullwidth=\u00bbon\u00bb global_colors_info=\u00bb{}\u00bb][et_pb_column type=\u00bb1_2&#8243; _builder_version=\u00bb4.16&#8243; use_background_color_gradient=\u00bbon\u00bb background_color_gradient_direction=\u00bb99deg\u00bb background_color_gradient_stops=\u00bbrgba(43,135,218,0) 80%|#183f80 80%\u00bb background_color_gradient_overlays_image=\u00bbon\u00bb background_color_gradient_start=\u00bbrgba(43,135,218,0)\u00bb background_color_gradient_start_position=\u00bb80%\u00bb background_color_gradient_end=\u00bb#183f80&#8243; background_color_gradient_end_position=\u00bb80%\u00bb background_image=\u00bbhttp:\/\/reducolsas.com\/site1\/wp-content\/uploads\/2021\/08\/Nosotros_3.jpg\u00bb custom_padding=\u00bb|||\u00bb global_colors_info=\u00bb{}\u00bb custom_padding__hover=\u00bb|||\u00bb][\/et_pb_column][et_pb_column type=\u00bb1_2&#8243; _builder_version=\u00bb4.16&#8243; background_color=\u00bb#183f80&#8243; custom_padding=\u00bb170px|10%|170px|10%\u00bb global_colors_info=\u00bb{}\u00bb custom_padding__hover=\u00bb|||\u00bb][et_pb_text _builder_version=\u00bb4.16&#8243; _module_preset=\u00bbdefault\u00bb text_font=\u00bbAllerta Stencil||||||||\u00bb text_text_color=\u00bb#d5e355&#8243; text_font_size=\u00bb30px\u00bb global_colors_info=\u00bb{}\u00bb]Conocenos<br \/>\n[\/et_pb_text][et_pb_text _builder_version=\u00bb4.27.5&#8243; _module_preset=\u00bbdefault\u00bb text_font=\u00bb||||||||\u00bb text_text_color=\u00bb#d5e355&#8243; text_font_size=\u00bb19px\u00bb custom_margin=\u00bb69px||47px|||\u00bb global_colors_info=\u00bb{}\u00bb]<\/p>\n<h4><strong><span style=\"color: #d5e355;\">Acerca de Reducol<\/span><\/strong><\/h4>\n<p><span style=\"color: #d5e355;\">Somos una compa\u00f1\u00eda moderna, \u00e1gil, din\u00e1mica <\/span><span style=\"color: #d5e355;\">que atiende oportunamente las necesidades de\u00a0 <\/span><span style=\"color: #d5e355;\">transmisi\u00f3n de potencia, buscando garantizar a <\/span><span style=\"color: #d5e355;\">todo momento la continuidad de su cadena <\/span><span style=\"color: #d5e355;\">productiva ofreciendo la confiabilidad que sus <\/span><span style=\"color: #d5e355;\">procesos y equipos necesitan.<\/span><\/p>\n<p>&nbsp;<\/p>\n<h2><\/h2>\n<h4><span style=\"color: #d5e355;\"><strong>Mision<\/strong><\/span><\/h4>\n<p>Comercializar soluciones de potencia,\u00a0 contribuyendo con confiabilidad a los procesos productivos de la industria<br \/>\nnacional.<\/p>\n<p>&nbsp;<\/p>\n<h4><span style=\"color: #d5e355;\"><strong>Visi\u00f3n<\/strong><\/span><\/h4>\n<p>En 5 a\u00f1os ser reconocidos por ofrecer soluciones confiables y de calidad al servicio de los procesos productivos, contribuyendo as\u00ed al desarrollo econ\u00f3mico del pa\u00eds.<\/p>\n<p><span style=\"color: #ffffff;\"><a style=\"color: #ffffff;\" title=\"Broshure Corporativo Reducol\" href=\"https:\/\/reducolsas.com\/site1\/wp-content\/uploads\/2021\/10\/BROSHURE-CORPORATIVO-REDUCOL.pdf\" target=\"_blank\" rel=\"noopener\"><strong>Brochure Corporativo Reducol<\/strong><\/a><\/span><br \/>\n[\/et_pb_text][\/et_pb_column][\/et_pb_row][\/et_pb_section]<\/p>\n","protected":false},"excerpt":{"rendered":"<p>Conocenos Acerca de Reducol Somos una compa\u00f1\u00eda moderna, \u00e1gil, din\u00e1mica que atiende oportunamente las necesidades de\u00a0 transmisi\u00f3n de potencia, buscando garantizar a todo momento la continuidad de su cadena productiva ofreciendo la confiabilidad que sus procesos y equipos necesitan. &nbsp; Mision Comercializar soluciones de potencia,\u00a0 contribuyendo con confiabilidad a los procesos productivos de la industria [&hellip;]<\/p>\n","protected":false},"author":1,"featured_media":0,"parent":0,"menu_order":0,"comment_status":"closed","ping_status":"closed","template":"","meta":{"_et_pb_use_builder":"on","_et_pb_old_content":"","_et_gb_content_width":"","footnotes":""},"class_list":["post-10189","page","type-page","status-publish","hentry"],"_links":{"self":[{"href":"https:\/\/www.reducolsas.com\/site1\/wp-json\/wp\/v2\/pages\/10189","targetHints":{"allow":["GET"]}}],"collection":[{"href":"https:\/\/www.reducolsas.com\/site1\/wp-json\/wp\/v2\/pages"}],"about":[{"href":"https:\/\/www.reducolsas.com\/site1\/wp-json\/wp\/v2\/types\/page"}],"author":[{"embeddable":true,"href":"https:\/\/www.reducolsas.com\/site1\/wp-json\/wp\/v2\/users\/1"}],"replies":[{"embeddable":true,"href":"https:\/\/www.reducolsas.com\/site1\/wp-json\/wp\/v2\/comments?post=10189"}],"version-history":[{"count":6,"href":"https:\/\/www.reducolsas.com\/site1\/wp-json\/wp\/v2\/pages\/10189\/revisions"}],"predecessor-version":[{"id":10202,"href":"https:\/\/www.reducolsas.com\/site1\/wp-json\/wp\/v2\/pages\/10189\/revisions\/10202"}],"wp:attachment":[{"href":"https:\/\/www.reducolsas.com\/site1\/wp-json\/wp\/v2\/media?parent=10189"}],"curies":[{"name":"wp","href":"https:\/\/api.w.org\/{rel}","templated":true}]}}