{"id":10089,"date":"2026-02-18T11:19:54","date_gmt":"2026-02-18T16:19:54","guid":{"rendered":"https:\/\/www.reducolsas.com\/site1\/?page_id=10089"},"modified":"2026-02-18T18:36:38","modified_gmt":"2026-02-18T23:36:38","slug":"variadores-pwt","status":"publish","type":"page","link":"https:\/\/www.reducolsas.com\/site1\/variadores-pwt\/","title":{"rendered":"Variadores PWT"},"content":{"rendered":"<p>[et_pb_section fb_built=\u00bb1&#8243; next_background_color=\u00bb#ffffff\u00bb admin_label=\u00bbHero Section\u00bb _builder_version=\u00bb4.16&#8243; background_color=\u00bb#003084&#8243; background_enable_image=\u00bboff\u00bb background_position=\u00bbcenter_right\u00bb custom_padding=\u00bb0%||5.5%|||\u00bb bottom_divider_style=\u00bbslant2&#8243; bottom_divider_height=\u00bb90px\u00bb global_colors_info=\u00bb{}\u00bb background_color_gradient_direction__hover=\u00bb180deg\u00bb background_color_gradient_direction__hover_enabled=\u00bb180deg\u00bb background_color_gradient_start_position__hover=\u00bb0%\u00bb background_color_gradient_start_position__hover_enabled=\u00bb0%\u00bb background_color_gradient_end_position__hover=\u00bb100%\u00bb background_color_gradient_end_position__hover_enabled=\u00bb100%\u00bb background_color_gradient_stops__hover=\u00bb#2b87da 0%|#29c4a9 100%\u00bb][et_pb_row _builder_version=\u00bb4.16&#8243; global_colors_info=\u00bb{}\u00bb][et_pb_column type=\u00bb4_4&#8243; _builder_version=\u00bb4.16&#8243; custom_padding=\u00bb|||\u00bb global_colors_info=\u00bb{}\u00bb custom_padding__hover=\u00bb|||\u00bb][et_pb_text disabled_on=\u00bbon|on|off\u00bb _builder_version=\u00bb4.27.5&#8243; _module_preset=\u00bbdefault\u00bb text_font=\u00bb|700|||||||\u00bb text_text_color=\u00bb#d5e355&#8243; text_font_size=\u00bb50px\u00bb text_line_height=\u00bb1.5em\u00bb text_orientation=\u00bbcenter\u00bb custom_margin=\u00bb59px||21px|||\u00bb custom_padding=\u00bb0px||41px|||\u00bb global_colors_info=\u00bb{}\u00bb]Variadores de velocidad<br \/>\n[\/et_pb_text][et_pb_image src=\u00bbhttps:\/\/www.reducolsas.com\/site1\/wp-content\/uploads\/2026\/02\/seccion_Variadores.png\u00bb title_text=\u00bbSeccion Variadores\u00bb align=\u00bbcenter\u00bb _builder_version=\u00bb4.27.5&#8243; _module_preset=\u00bbdefault\u00bb width=\u00bb65%\u00bb custom_margin=\u00bb||9px|||\u00bb global_colors_info=\u00bb{}\u00bb][\/et_pb_image][et_pb_text disabled_on=\u00bbon|on|off\u00bb _builder_version=\u00bb4.16&#8243; _module_preset=\u00bbdefault\u00bb text_font=\u00bb|700|||||||\u00bb text_text_color=\u00bb#d5e355&#8243; text_font_size=\u00bb40px\u00bb text_line_height=\u00bb1.5em\u00bb text_orientation=\u00bbcenter\u00bb custom_padding=\u00bb56px|||||\u00bb global_colors_info=\u00bb{}\u00bb]<\/p>\n<p style=\"text-align: center;\">Soluciones en potencia.<\/p>\n<p>[\/et_pb_text][\/et_pb_column][\/et_pb_row][\/et_pb_section][et_pb_section fb_built=\u00bb1&#8243; admin_label=\u00bbAbout Section\u00bb _builder_version=\u00bb4.16&#8243; background_enable_color=\u00bboff\u00bb custom_margin=\u00bb13px|||||\u00bb custom_padding=\u00bb40px||13px|||\u00bb global_colors_info=\u00bb{}\u00bb][et_pb_row admin_label=\u00bbMotorreductores y reductores\u00bb _builder_version=\u00bb4.16&#8243; global_colors_info=\u00bb{}\u00bb][et_pb_column type=\u00bb4_4&#8243; _builder_version=\u00bb4.16&#8243; custom_padding=\u00bb|||\u00bb global_colors_info=\u00bb{}\u00bb custom_padding__hover=\u00bb|||\u00bb][et_pb_image src=\u00bbhttps:\/\/www.reducolsas.com\/site1\/wp-content\/uploads\/2026\/02\/imglogoPWT.jpg\u00bb title_text=\u00bbImglogoPWT\u00bb align=\u00bbcenter\u00bb _builder_version=\u00bb4.27.5&#8243; _module_preset=\u00bbdefault\u00bb custom_margin=\u00bb||50px|||\u00bb global_colors_info=\u00bb{}\u00bb][\/et_pb_image][\/et_pb_column][\/et_pb_row][et_pb_row column_structure=\u00bb1_2,1_2&#8243; admin_label=\u00bbMotorreductores y reductores\u00bb _builder_version=\u00bb4.16&#8243; custom_margin=\u00bb|auto|50px|auto||\u00bb global_colors_info=\u00bb{}\u00bb][et_pb_column type=\u00bb1_2&#8243; _builder_version=\u00bb4.16&#8243; custom_padding=\u00bb|||\u00bb global_colors_info=\u00bb{}\u00bb custom_padding__hover=\u00bb|||\u00bb][et_pb_image src=\u00bbhttps:\/\/www.reducolsas.com\/site1\/wp-content\/uploads\/2026\/02\/imgSeccion1.jpg\u00bb title_text=\u00bbImgSeccion1&#8243; align=\u00bbcenter\u00bb _builder_version=\u00bb4.27.5&#8243; _module_preset=\u00bbdefault\u00bb width=\u00bb90%\u00bb hover_enabled=\u00bb0&#8243; border_color_all=\u00bb#d5e355&#8243; global_colors_info=\u00bb{}\u00bb sticky_enabled=\u00bb0&#8243;][\/et_pb_image][\/et_pb_column][et_pb_column type=\u00bb1_2&#8243; _builder_version=\u00bb4.16&#8243; custom_padding=\u00bb|||\u00bb global_colors_info=\u00bb{}\u00bb custom_padding__hover=\u00bb|||\u00bb][et_pb_blurb use_icon=\u00bbon\u00bb _builder_version=\u00bb4.27.5&#8243; _module_preset=\u00bbdefault\u00bb header_font=\u00bb|600|||||||\u00bb header_text_align=\u00bbcenter\u00bb hover_enabled=\u00bb0&#8243; global_colors_info=\u00bb{}\u00bb sticky_enabled=\u00bb0&#8243;]<\/p>\n<h3><strong>Nuestros Variadores de <\/strong><strong>velocidad PWT<\/strong><\/h3>\n<p>&nbsp;<\/p>\n<p>Contamos con dos referencias de variadores de velocidad dise\u00f1adas para cubrir diferentes rangos de potencia, niveles de voltaje y necesidades de aplicaci\u00f3n industrial.<\/p>\n<p><strong>Referencia 50EZ<\/strong><br \/>Esta l\u00ednea est\u00e1 disponible en potencias desde <strong>1 HP hasta 3 HP<\/strong>, con alimentaci\u00f3n <strong>monof\u00e1sica o trif\u00e1sica<\/strong>, operando exclusivamente a <strong>220 V<\/strong>. Es una soluci\u00f3n ideal para aplicaciones de baja y media potencia que requieren eficiencia, confiabilidad y una instalaci\u00f3n sencilla.<\/p>\n<p><strong>Referencia 50V<\/strong><br \/>Para aplicaciones que demandan mayor potencia o voltajes m\u00e1s altos, ofrecemos la <strong>referencia 50V<\/strong>, dise\u00f1ada para trabajar en rangos desde <strong>5 HP hasta 450 HP<\/strong>, con alimentaci\u00f3n a <strong>220 V o 440 V<\/strong>.<br \/>Este modelo se caracteriza por su <strong>dise\u00f1o robusto<\/strong>, adecuado para <strong>todo tipo de aplicaciones industriales<\/strong>, incluso en entornos exigentes.<\/p>\n<p>Un valor diferencial clave de la <strong>referencia 50V<\/strong> es su <strong>pantalla LCD full color, 100 % en espa\u00f1ol<\/strong>, que permite <strong>visualizar y monitorear en tiempo real<\/strong> el estado del variador, facilitando la operaci\u00f3n, supervisi\u00f3n y diagn\u00f3stico del equipo.<\/p>\n<p><strong>Catalogos:<\/strong><\/p>\n<p style=\"padding-left: 40px;\"><a href=\"https:\/\/www.reducolsas.com\/site1\/wp-content\/uploads\/2026\/02\/catalogo-50EZ_compressed.pdf\" target=\"_blank\" rel=\"noopener\" title=\"Variador 50 EZ PWT\">Variador 50EZ<\/a><\/p>\n<p style=\"padding-left: 40px;\"><a title=\"Variador 50V\" href=\"https:\/\/www.reducolsas.com\/site1\/wp-content\/uploads\/2026\/02\/catalogo-50V_compressed.pdf\" target=\"_blank\" rel=\"noopener\">Variador 50V<\/a><\/p>\n<p style=\"padding-left: 40px;\">[\/et_pb_blurb][\/et_pb_column][\/et_pb_row][\/et_pb_section][et_pb_section fb_built=\u00bb1&#8243; prev_background_color=\u00bb#ffffff\u00bb admin_label=\u00bbAbout Section\u00bb _builder_version=\u00bb4.16&#8243; background_color=\u00bb#d5e355&#8243; custom_padding=\u00bb90px||90px|\u00bb top_divider_style=\u00bbslant2&#8243; top_divider_height=\u00bb90px\u00bb top_divider_flip=\u00bbhorizontal|vertical\u00bb global_colors_info=\u00bb{}\u00bb][et_pb_row _builder_version=\u00bb4.16&#8243; _module_preset=\u00bbdefault\u00bb global_colors_info=\u00bb{}\u00bb][et_pb_column type=\u00bb4_4&#8243; _builder_version=\u00bb4.16&#8243; _module_preset=\u00bbdefault\u00bb global_colors_info=\u00bb{}\u00bb][et_pb_blurb title=\u00bbIm\u00e1genes relacionadas\u00bb use_icon=\u00bbon\u00bb _builder_version=\u00bb4.16&#8243; _module_preset=\u00bbdefault\u00bb header_font=\u00bb|600|||||||\u00bb header_text_align=\u00bbcenter\u00bb header_text_color=\u00bb#002e84&#8243; header_font_size=\u00bb30px\u00bb custom_margin=\u00bb||50px|||\u00bb global_colors_info=\u00bb{}\u00bb][\/et_pb_blurb][et_pb_gallery gallery_ids=\u00bb10117,10116,10115,10114&#8243; posts_number=\u00bb12&#8243; orientation=\u00bbportrait\u00bb show_title_and_caption=\u00bboff\u00bb show_pagination=\u00bboff\u00bb hover_overlay_color=\u00bbrgba(19,59,132,0.31)\u00bb _builder_version=\u00bb4.27.5&#8243; _module_preset=\u00bbdefault\u00bb width=\u00bb66%\u00bb module_alignment=\u00bbcenter\u00bb custom_margin=\u00bb|||0px||\u00bb custom_padding=\u00bb||||false|false\u00bb hover_enabled=\u00bb0&#8243; border_radii_image=\u00bbon|5px|5px|5px|5px\u00bb box_shadow_style_image=\u00bbpreset2&#8243; global_colors_info=\u00bb{}\u00bb sticky_enabled=\u00bb0&#8243;][\/et_pb_gallery][\/et_pb_column][\/et_pb_row][\/et_pb_section]<\/p>\n","protected":false},"excerpt":{"rendered":"<p>Variadores de velocidad Soluciones en potencia. Nuestros Variadores de velocidad PWT &nbsp; Contamos con dos referencias de variadores de velocidad dise\u00f1adas para cubrir diferentes rangos de potencia, niveles de voltaje y necesidades de aplicaci\u00f3n industrial. Referencia 50EZEsta l\u00ednea est\u00e1 disponible en potencias desde 1 HP hasta 3 HP, con alimentaci\u00f3n monof\u00e1sica o trif\u00e1sica, operando exclusivamente [&hellip;]<\/p>\n","protected":false},"author":1,"featured_media":0,"parent":0,"menu_order":0,"comment_status":"closed","ping_status":"closed","template":"","meta":{"_et_pb_use_builder":"on","_et_pb_old_content":"","_et_gb_content_width":"","footnotes":""},"class_list":["post-10089","page","type-page","status-publish","hentry"],"_links":{"self":[{"href":"https:\/\/www.reducolsas.com\/site1\/wp-json\/wp\/v2\/pages\/10089","targetHints":{"allow":["GET"]}}],"collection":[{"href":"https:\/\/www.reducolsas.com\/site1\/wp-json\/wp\/v2\/pages"}],"about":[{"href":"https:\/\/www.reducolsas.com\/site1\/wp-json\/wp\/v2\/types\/page"}],"author":[{"embeddable":true,"href":"https:\/\/www.reducolsas.com\/site1\/wp-json\/wp\/v2\/users\/1"}],"replies":[{"embeddable":true,"href":"https:\/\/www.reducolsas.com\/site1\/wp-json\/wp\/v2\/comments?post=10089"}],"version-history":[{"count":12,"href":"https:\/\/www.reducolsas.com\/site1\/wp-json\/wp\/v2\/pages\/10089\/revisions"}],"predecessor-version":[{"id":10118,"href":"https:\/\/www.reducolsas.com\/site1\/wp-json\/wp\/v2\/pages\/10089\/revisions\/10118"}],"wp:attachment":[{"href":"https:\/\/www.reducolsas.com\/site1\/wp-json\/wp\/v2\/media?parent=10089"}],"curies":[{"name":"wp","href":"https:\/\/api.w.org\/{rel}","templated":true}]}}